*w(j). Give n(m).
-2
Let g(m) = 2*m**2 - 25*m - 3. Let a(f) = -f**2 + 13*f + 2. Let s(x) = 7*a(x) + 4*g(x). Let k = 10 + -4. Give s(k).
-16
Let t(a) = -a**3 - 7*a**2 - a - 3. Let m be t(-7). Let s(y) be the third derivative of -y**4/6 + y**3 - 7*y**2 + 35*y. Calculate s(m).
-10
Let m be 6/(-9) - (-42)/9. Let c be 1/m - 108/(-16). Let u(k) be the first derivative of k**2/2 - 10*k + 4. Calculate u(c).
-3
Let a(c) = -c**3 - 4*c**2 - 6*c + 3. Let p(j) = j**3 + 4*j**2 + 7*j - 4. Let s(h) = -5*a(h) - 4*p(h). Determine s(-2).
5
Let g(t) = -11*t**3 - 4*t - 5. Let h(m) = 10*m**3 + 5*m + 6. Let p(q) = -5*g(q) - 4*h(q). Determine p(-1).
-14
Suppose 14 = 3*x - x. Let u(c) = -2*c + 17. Determine u(x).
3
Let o(c) be the second derivative of c**5/20 + 2*c**3/3 - c - 27. Give o(-3).
-39
Let r be (-8)/(-6)*(-45)/(-10). Suppose 0 = 3*w - 5*m - 18, 5*w = 2*w - 3*m - 6. Let c(y) = -w + 10*y**2 + 8 - r*y - 11*y**2. Give c(-6).
7
Let s(g) = -g**2 - 2*g + 4. Suppose 4*r - 5*r = 0. Suppose r = 6*a + 118 - 94. Calculate s(a).
-4
Suppose 12*p + 17*p + 174 = 0. Let g(s) be the third derivative of -s**4/24 + s**3/2 - s**2. Calculate g(p).
9
Let h(g) = g**3 + 6*g**2 - 7*g + 1. Let l be h(-7). Let o(b) = -3 - l - 4*b**2 + 4*b**2 + 3*b + b**2. Give o(-3).
-4
Let w(j) = 6*j**3 - 6*j**2 + 6*j - 4. Let p(c) = c**3 - c**2 + c - 1. Let u(q) = -5*p(q) + w(q). Let y = -46 + 46. Give u(y).
1
Suppose -t = -5, -2*t = -5*x + 3*t - 5. Let l(r) = r**3 - 3*r**2 - r + 5. What is l(x)?
17
Let h = 6 + 1. Let m = 9 - h. Let g(s) = 6*s**2 - 3*s**m + 5*s - 2*s**2. What is g(-6)?
6
Let b = 606 + -357. Suppose 0 = -q + 49 - b. Let m be q/35 + 2/(-7). Let v(i) = -i**2 - 6*i + 4. Determine v(m).
4
Let j(f) be the third derivative of 1/24*f**4 + 14*f**2 + 1/30*f**5 + 1/6*f**3 + 0*f + 0 + 1/60*f**6. Give j(-2).
-9
Let j be 4/8 - 9/(-2). Let n(d) = d**2 - 4*d**2 + j - 3*d - 1 + 0*d**2. What is n(-3)?
-14
Let n(t) = t**2 - t + 6. Let p be (5 + -3 + -2)/1. Let q be n(p). Let j(a) = 2*a - 8. Let w be j(q). Let x(o) = o**2 - 6*o + 4. Give x(w).
-4
Let i(m) = -m**3 + 4*m**2 + 4*m + 4. Suppose f = 5*r - 10*r - 2, 2*r + 20 = -2*f. Let b be f/(-48)*(20 - 0). Determine i(b).
-1
Let o(d) = -2455 - 2461 + d + 4924. Calculate o(-6).
2
Let u(k) be the second derivative of k**3/6 + 5*k**2 + k - 5. Give u(-7).
3
Let w(x) be the second derivative of -x**8/6720 - x**7/360 + x**6/72 + 7*x**5/120 - 11*x**4/6 - 15*x. Let u(k) be the third derivative of w(k). Calculate u(-8).
-9
Let t(j) = j**3 + j**2 + j. Let o = 16 + -6. Suppose 19*i = 24*i + o. Give t(i).
-6
Suppose q - 44 = -46. Let x(z) = 2 - z**3 - 43*z**2 - 2*z**3 + 3*z + 2*z**3 + 44*z**2. Calculate x(q).
8
Let v(t) be the first derivative of t**2 + 7*t - 1. Suppose -4*h = 2*c + 2, -2*c - h - 8 = c. Let x be (c + 4 + 4)*-1. Calculate v(x).
-3
Suppose 4 = -k + 5. Suppose z - 2 = k. Suppose -2*i = z*i - 30. Let w(d) = d**2 - 6*d + 4. What is w(i)?
4
Let y(q) = -q**2 + q - 1. Let m = -1 + -6. Let l = m - -4. Let p(g) = 2*g**2 + 5*g - 4. Let w(c) = l*y(c) - p(c). Give w(5).
-8
Let t be (-8)/44 + 4/((-132)/(-171)). Let d(z) = z**3 - 7*z**2 + 2*z + 7. Give d(t).
-33
Let v(w) = -4*w**2 - 3*w - 2. Let c = 382 - 385. What is v(c)?
-29
Let p(m) be the second derivative of -m**4/6 + m**3/2 + 9*m**2/2 - 22*m. Let z(t) be the first derivative of p(t). What is z(6)?
-21
Let c = 259 + -250. Let y(n) = -n**2 + 11*n - 12. What is y(c)?
6
Let n(l) = l**3 + 7*l**2 + 9*l - 12. Let b be (-9 + 5 + 3)*5. Calculate n(b).
-7
Let m(w) = 2*w**2 + 99*w - 65. Let a be m(-50). Let b(k) = -k**2 - 15*k + 15. Calculate b(a).
15
Let v(n) = 5*n + 4*n**3 - 5*n**3 - 5 - 3*n + 0. Let z be v(0). Let w(d) = -4*d**2 - 2 - d**3 + 5*d + 2*d**3 + 10*d**2. Calculate w(z).
-2
Let n(t) be the third derivative of -t**5/60 - t**4/4 + t**3 - t**2. Let o be ((-6)/10)/((-27)/(-270)) - 0. Give n(o).
6
Let j(s) = -s. Let v(w) = w + 10. Let g be ((-2)/(-6))/((-7)/(-21)). Let i(a) = g*v(a) + 3*j(a). Give i(8).
-6
Let o be (-3 - -23 - 23)/(-3*(-2)/8). Let r(v) = -3 + 0 - v**2 - 5*v + 4. Calculate r(o).
5
Let c(w) = 4 - 3*w - 1 - 2. Suppose 32 = -5*l + 17. Let d(m) = -2*m + 1. Let z(k) = l*c(k) + 4*d(k). Give z(0).
1
Let f(r) be the second derivative of -r**3/6 + r**2/2 + 15*r. Let d(c) = -2*c - 1. Let z(y) = d(y) - 4*f(y). Determine z(5).
5
Let o be (2 - 0)/(4 - 6). Let m(t) be the first derivative of 33*t**2/2 - 11*t - 15. Let x(s) = 16*s - 5. Let z(l) = -6*m(l) + 13*x(l). Give z(o).
-9
Let i(v) = -2933 - v**3 - 6*v**2 + 5860 + 2*v**3 - 2926 + 4*v. Let f = -1 - -6. Give i(f).
-4
Let v be 54/(-72)*(-4)/(-6)*12. Let r(d) = d**2 + 2*d - 2. Determine r(v).
22
Let s(i) = -i**2 - 5*i - 12. Let l be (-4 + -6)/((-10)/(-5)). What is s(l)?
-12
Suppose 0 = 5*l - 15 - 5. Suppose -5*g - 10 = -4*f, -2*g - 13 = -l*f + 3. Let a(p) = -4*p - 7. Let i(z) = -3*z - 8. Let d(q) = 4*a(q) - 5*i(q). Calculate d(f).
7
Let n(z) be the second derivative of -z**5/20 + 5*z**4/12 - z**3/3 - 17*z. Let y = -58 - -62. Determine n(y).
8
Let x(v) = v - 2. Suppose -19*i - 7 = -20*i. Suppose 17 = -4*b - i. Let s = b - -10. What is x(s)?
2
Let v = 53 + -50. Let x(h) = h + 187*h**2 - v - 186*h**2 - 4. Calculate x(-5).
13
Let k(y) = -y**2 + y. Suppose -2*q = -2*v, -5*v - 21 = -5*q + 7*q. Let t be (q/(-6))/(0 - (-1)/2). Calculate k(t).
0
Let r = 130 + -128. Let w(t) = -2*t**2 + 2*t + 1. Determine w(r).
-3
Let b(o) = 3*o**3 + 7*o**2 + o + 8. Let r(s) = s**3 - s - 2. Let d(c) = -b(c) + 2*r(c). What is d(-7)?
9
Let u(m) = m**2 + 1. Let b(o) = 5*o**2 + o - 3. Let v(a) = b(a) + 2*u(a). Let j(c) = -89*c + 268. Let w be j(3). Give v(w).
7
Let x(c) = 1 + 3 - 5 - 11*c. Suppose 0*l + l = -26. Let q = -25 - l. Give x(q).
-12
Let l(a) = -a - 19. Let i be l(-11). Let w(n) = 5*n**3 - 25*n**2 - 7*n + 12. Let q(s) = 2*s**3 - 12*s**2 - 4*s + 6. Let r(u) = -7*q(u) + 3*w(u). What is r(i)?
2
Let x(q) = 13*q**2 - 1. Let p be x(1). Let h be (-51)/p + 9/(-12). Let v(l) = -2*l - 4. What is v(h)?
6
Suppose 84*w - 824 = -68. Let m(q) = q**3 - 9*q**2 - q + 11. Give m(w).
2
Let d(s) = -2*s**2 + 6*s. Let x(h) = -h**2 + 4*h. Let b(r) = -5*d(r) + 7*x(r). What is b(1)?
1
Let a(o) = -o**2 - 9587 + 14*o - 3*o + 9576. What is a(10)?
-1
Let q(g) = 1 + g**2 - g + g. Let j = -26 - -58. Suppose 7*t - j = -18. What is q(t)?
5
Suppose 8*r + 2*r = 80. Suppose -4*n - r - 4 = 0. Let i(y) = -2*y + 2. Determine i(n).
8
Let k(c) = 3*c**2 - 2*c - 1. Let u = -318 - -317. Calculate k(u).
4
Let v(a) = -a**2 - 2*a + 5. Let w(k) = -19*k + 384. Let r be w(20). Calculate v(r).
-19
Let p(y) = y**3 - 2*y**2 + 3*y - 2. Let a(r) = -3 + 4 - 12*r + r**2 + 7. Let o be a(12). Suppose 3*w = o*w - 10. Give p(w).
4
Let c(g) = -3*g**2 + 2*g**2 + 0*g - 3*g + 2. Suppose -4*z + 8*o + 8 = 3*o, z + 3*o = 2. Give c(z).
-8
Let z be 2*(-4 + (-54)/(-4)). Let k = z - 15. Let t(r) = -r**2 + 2*r. Give t(k).
-8
Let t(f) = -4*f**2 - f + 10. Let g(u) = -5*u**2 + 11. Let a(v) = 3*g(v) - 4*t(v). Give a(-7).
14
Let d(c) = -c**3 + 2*c**2 + 4*c + 2. Let f(s) = s**2 - 2*s - 1. Let q(m) = -d(m) - 6*f(m). Determine q(7).
11
Let i(l) = -l**2 - 14*l - 24. Let w be i(-2). Let m(o) = o + 7. Calculate m(w).
7
Let s(f) = f**2 + 11 - 3*f - 2*f**2 - 7 - 6. Give s(-3).
-2
Let l(f) = -f**2 - 16*f + 8. Let r be l(-11). Suppose 12*o = 3*o - r. Let a(z) = -z**3 - 7*z**2 - 2*z. What is a(o)?
14
Let t = -11 + 12. Let h(u) = -t - 3*u - 2 + 10 + 2*u. What is h(7)?
0
Let r(y) be the first derivative of -2*y - 7 + 3*y**2 + 1/3*y**3. Calculate r(-4).
-10
Let l(h) = -5*h - 5. Suppose 0 = -3*f + 6. Suppose 0 = -3*c + f + 4. Let v(q) = 16*q + 15. Let p(w) = c*v(w) + 7*l(w). Calculate p(-4).
7
Let v(q) = q**3 + 6*q**2 + 4*q - 3. Let w(f) = f - 5. Let j(y) = -152*y - 5*y**2 + 152*y + y**3. Let i be j(5). Let a be w(i). Give v(a).
2
Let b(p) be the first derivative of -p**4/4 + p**3 - 3*p**2/2 + p - 17. Let q be (-2 - 0)*(-3 + 2). Suppose q*l + 0*l = 6. Calculate b(l).
-8
Let c(f) = f + 2. Let q = -207 - -205. Give c(q).
0
Let y(n) be the first derivative of -n**4/4 + 2*n**3/3 - n**2/2 - 3*n + 166. Calculate y(-3).
45
Let i be (-48)/(-15) - 132/110. Let a(b) = -b**2 + 7*b. Let k(g) = g**2 - 6*g + 1. Let o(n) = 2*a(n) + 3*k(n). Determine o(i).
-1
Let l be (-13)/((-3)/(-2 - -5)). Suppose 0 = d - 3*o - 25, 5*d - l - 42 = o. Let s be -3 - (-4 - d/2). Let i(r) = r - 4. What